{"id":2333,"date":"2019-11-15T16:22:08","date_gmt":"2019-11-15T15:22:08","guid":{"rendered":"http:\/\/www.cepsound.com\/art\/?page_id=2333"},"modified":"2021-08-12T17:14:28","modified_gmt":"2021-08-12T16:14:28","slug":"nature-morte-esperance-2019","status":"publish","type":"page","link":"http:\/\/www.cepsound.com\/art\/performances\/nature-morte-esperance-2019\/","title":{"rendered":"Nature Morte &#8211; ESPERANCE (2019)"},"content":{"rendered":"<h6 style=\"text-align: right;\"><span style=\"color: #333333;\"><a href=\"http:\/\/www.cepsound.com\/art\/performances\/mouvant-emouvant\"><span style=\"color: #333333;\">&lt; PREVIOUS<\/span><\/a> | <a style=\"color: #333333;\" href=\"http:\/\/www.cepsound.com\/art\/performances\/\">RETOUR <\/a>|<a style=\"color: #333333;\" href=\"http:\/\/www.cepsound.com\/art\/performances\/nature-sauvage\/\"> NEXT &gt;<\/a><\/span><\/h6>\n<h6><span style=\"color: #999999;\">installation\/performance tot\u00e9mique<span class=\"style7 style7\"><br \/>\n<\/span><\/span><\/h6>\n<div class=\"n2-code\"><div class=\"flexslider ewic-slider-lite is_on_\" id=\"ewic-con-233769e07a7d165bc\"><style>#ewic-con-233769e07a7d165bc .flex-direction-nav .flex-next, #ewic-con-233769e07a7d165bc .flex-direction-nav .flex-prev {opacity: 1;} #ewic-con-233769e07a7d165bc .flex-direction-nav .flex-next {right: 10px !important; text-align: right !important;} #ewic-con-233769e07a7d165bc .flex-direction-nav .flex-prev {left: 10px !important;}<\/style><div id=\"preloader-233769e07a7d165bc\" class=\"sliderpreloader\"><\/div><ul style=\"display:none;\" class=\"slides flexslider-233769e07a7d165bc\"><li class=\"ewic-slider\"><a href=\"http:\/\/www.cepsound.com\/art\/wp-content\/uploads\/sites\/3\/2019\/11\/Nature-Morte-ESPERANCE_2019_12.jpg\" title=\"Nature-Morte-ESPERANCE_2019_12\" rel=\"ewicprettyPhoto[233769e07a7d165bc]\"><img title=\"Nature-Morte-ESPERANCE_2019_12\" class=\"ewic-wid-imgs\" src=\"http:\/\/www.cepsound.com\/art\/wp-content\/uploads\/sites\/3\/2019\/11\/Nature-Morte-ESPERANCE_2019_12.jpg\" \/><p class=\"flex-caption\">Nature-Morte-ESPERANCE_2019_12<\/p><\/a><\/li><li class=\"ewic-slider\"><a href=\"http:\/\/www.cepsound.com\/art\/wp-content\/uploads\/sites\/3\/2019\/10\/Nature-Morte-ESPERANCE_2019_03.jpg\" title=\"Nature-Morte-ESPERANCE_2019_03\" rel=\"ewicprettyPhoto[233769e07a7d165bc]\"><img title=\"Nature-Morte-ESPERANCE_2019_03\" class=\"ewic-wid-imgs\" src=\"http:\/\/www.cepsound.com\/art\/wp-content\/uploads\/sites\/3\/2019\/10\/Nature-Morte-ESPERANCE_2019_03.jpg\" \/><p class=\"flex-caption\">Nature-Morte-ESPERANCE_2019_03<\/p><\/a><\/li><li class=\"ewic-slider\"><a href=\"http:\/\/www.cepsound.com\/art\/wp-content\/uploads\/sites\/3\/2019\/10\/Nature-Morte-ESPERANCE_2019_04.jpg\" title=\"Nature-Morte-ESPERANCE_2019_04\" rel=\"ewicprettyPhoto[233769e07a7d165bc]\"><img title=\"Nature-Morte-ESPERANCE_2019_04\" class=\"ewic-wid-imgs\" src=\"http:\/\/www.cepsound.com\/art\/wp-content\/uploads\/sites\/3\/2019\/10\/Nature-Morte-ESPERANCE_2019_04.jpg\" \/><p class=\"flex-caption\">Nature-Morte-ESPERANCE_2019_04<\/p><\/a><\/li><li class=\"ewic-slider\"><a href=\"http:\/\/www.cepsound.com\/art\/wp-content\/uploads\/sites\/3\/2019\/11\/Nature-Morte-ESPERANCE_2019_09.jpg\" title=\"Nature-Morte-ESPERANCE_2019_09\" rel=\"ewicprettyPhoto[233769e07a7d165bc]\"><img title=\"Nature-Morte-ESPERANCE_2019_09\" class=\"ewic-wid-imgs\" src=\"http:\/\/www.cepsound.com\/art\/wp-content\/uploads\/sites\/3\/2019\/11\/Nature-Morte-ESPERANCE_2019_09.jpg\" \/><p class=\"flex-caption\">Nature-Morte-ESPERANCE_2019_09<\/p><\/a><\/li><li class=\"ewic-slider\"><a href=\"http:\/\/www.cepsound.com\/art\/wp-content\/uploads\/sites\/3\/2019\/10\/Nature-Morte-ESPERANCE_2019_06.jpg\" title=\"Nature-Morte-ESPERANCE_2019_06\" rel=\"ewicprettyPhoto[233769e07a7d165bc]\"><img title=\"Nature-Morte-ESPERANCE_2019_06\" class=\"ewic-wid-imgs\" src=\"http:\/\/www.cepsound.com\/art\/wp-content\/uploads\/sites\/3\/2019\/10\/Nature-Morte-ESPERANCE_2019_06.jpg\" \/><p class=\"flex-caption\">Nature-Morte-ESPERANCE_2019_06<\/p><\/a><\/li><li class=\"ewic-slider\"><a href=\"http:\/\/www.cepsound.com\/art\/wp-content\/uploads\/sites\/3\/2019\/10\/Nature-Morte-ESPERANCE_2019_01.jpg\" title=\"Nature-Morte-ESPERANCE_2019_01\" rel=\"ewicprettyPhoto[233769e07a7d165bc]\"><img title=\"Nature-Morte-ESPERANCE_2019_01\" class=\"ewic-wid-imgs\" src=\"http:\/\/www.cepsound.com\/art\/wp-content\/uploads\/sites\/3\/2019\/10\/Nature-Morte-ESPERANCE_2019_01.jpg\" \/><p class=\"flex-caption\">Nature-Morte-ESPERANCE_2019_01<\/p><\/a><\/li><li class=\"ewic-slider\"><a href=\"http:\/\/www.cepsound.com\/art\/wp-content\/uploads\/sites\/3\/2019\/11\/Nature-Morte-ESPERANCE_2019_10.jpg\" title=\"Nature-Morte-ESPERANCE_2019_10\" rel=\"ewicprettyPhoto[233769e07a7d165bc]\"><img title=\"Nature-Morte-ESPERANCE_2019_10\" class=\"ewic-wid-imgs\" src=\"http:\/\/www.cepsound.com\/art\/wp-content\/uploads\/sites\/3\/2019\/11\/Nature-Morte-ESPERANCE_2019_10.jpg\" \/><p class=\"flex-caption\">Nature-Morte-ESPERANCE_2019_10<\/p><\/a><\/li><li class=\"ewic-slider\"><a href=\"http:\/\/www.cepsound.com\/art\/wp-content\/uploads\/sites\/3\/2019\/11\/Nature-Morte-ESPERANCE_2019_11.jpg\" title=\"Nature-Morte-ESPERANCE_2019_11\" rel=\"ewicprettyPhoto[233769e07a7d165bc]\"><img title=\"Nature-Morte-ESPERANCE_2019_11\" class=\"ewic-wid-imgs\" src=\"http:\/\/www.cepsound.com\/art\/wp-content\/uploads\/sites\/3\/2019\/11\/Nature-Morte-ESPERANCE_2019_11.jpg\" \/><p class=\"flex-caption\">Nature-Morte-ESPERANCE_2019_11<\/p><\/a><\/li><li class=\"ewic-slider\"><a href=\"http:\/\/www.cepsound.com\/art\/wp-content\/uploads\/sites\/3\/2019\/10\/Nature-Morte-ESPERANCE_2019_02.jpg\" title=\"Nature-Morte-ESPERANCE_2019_02\" rel=\"ewicprettyPhoto[233769e07a7d165bc]\"><img title=\"Nature-Morte-ESPERANCE_2019_02\" class=\"ewic-wid-imgs\" src=\"http:\/\/www.cepsound.com\/art\/wp-content\/uploads\/sites\/3\/2019\/10\/Nature-Morte-ESPERANCE_2019_02.jpg\" \/><p class=\"flex-caption\">Nature-Morte-ESPERANCE_2019_02<\/p><\/a><\/li><li class=\"ewic-slider\"><a href=\"http:\/\/www.cepsound.com\/art\/wp-content\/uploads\/sites\/3\/2019\/11\/Nature-Morte-ESPERANCE_2019_08.jpg\" title=\"Nature-Morte-ESPERANCE_2019_08\" rel=\"ewicprettyPhoto[233769e07a7d165bc]\"><img title=\"Nature-Morte-ESPERANCE_2019_08\" class=\"ewic-wid-imgs\" src=\"http:\/\/www.cepsound.com\/art\/wp-content\/uploads\/sites\/3\/2019\/11\/Nature-Morte-ESPERANCE_2019_08.jpg\" \/><p class=\"flex-caption\">Nature-Morte-ESPERANCE_2019_08<\/p><\/a><\/li><li class=\"ewic-slider\"><a href=\"http:\/\/www.cepsound.com\/art\/wp-content\/uploads\/sites\/3\/2019\/10\/Nature-Morte-ESPERANCE_2019_07.jpg\" title=\"Nature-Morte-ESPERANCE_2019_07\" rel=\"ewicprettyPhoto[233769e07a7d165bc]\"><img title=\"Nature-Morte-ESPERANCE_2019_07\" class=\"ewic-wid-imgs\" src=\"http:\/\/www.cepsound.com\/art\/wp-content\/uploads\/sites\/3\/2019\/10\/Nature-Morte-ESPERANCE_2019_07.jpg\" \/><p class=\"flex-caption\">Nature-Morte-ESPERANCE_2019_07<\/p><\/a><\/li><\/ul><script type=\"text\/javascript\">\r\n\tjQuery(document).ready(function($) {\r\n\t\t\r\n\t\t$(\"#preloader-233769e07a7d165bc\").fadeOut(500, function () {\r\n\t\t\t\r\n\t\t\t$(\"#ewic-con-233769e07a7d165bc\").addClass(\"ready_to_show\");\r\n\t\t\t\r\n\t\t\t$(\"a[rel^='ewicprettyPhoto[233769e07a7d165bc]']\").ewcPhoto({\r\n\t\t\t\ttheme: \"ewc_default\",\r\n\t\t\t\tallow_expand: false,\r\n\t\t\t\tdeeplinking: false,\r\n\t\t\t\tslideshow:5000,\r\n\t\t\t\tautoplay_slideshow:true,\r\n\t\t\t\tsocial_tools:false\r\n\t\t\t});\r\n\t\t\t\r\n\t\t\t$(\".flexslider-233769e07a7d165bc\").fadeIn(300);\r\n\t\t\t\r\n\t\t\t$(\"#ewic-con-233769e07a7d165bc\").flexslider({\r\n\t\t\t\tanimation: \"slide\",\r\n\t\t\t\tanimationSpeed: 0,\r\n\t\t\t\tuseCSS: false,\r\n\t\t\t\teasing: \"easeInQuad\",\r\n\t\t\t\tdirection: \"horizontal\",\r\n\t\t\t\tslideshow: true,\r\n\t\t\t\tsmoothHeight: true,\r\n\t\t\t\tpauseOnHover: true, \r\n\t\t\t\tcontrolNav: false,\r\n\t\t\t\tprevText: \"\",\r\n\t\t\t\tnextText: \"\",\r\n\t\t\t\trtl: false,\r\n\t\t\t\tslideshowSpeed: 6000,\r\n\t\t\t\tstart: function(slider){\r\n\t\t\t\t\t$(\"#ewic-con-233769e07a7d165bc\").find(\".flex-caption\").hide();\r\n\t\t\t\t\tvar curSlide = slider.find(\"li.flex-active-slide\");\r\n\t\t\t\t\t$(curSlide).find(\".flex-caption\").slideDown();\r\n\t\t\t\t},\r\n\t\t\t\tbefore: function(slider) {\r\n\t\t\t\t\t$(\"#ewic-con-233769e07a7d165bc\").find(\".flex-caption\").slideUp();\r\n\t\t\t\t},\r\n\t\t\t\tafter: function(slider) {\r\n\t\t\t\t\tvar curSlide = slider.find(\"li.flex-active-slide\");\r\n\t\t\t\t\t$(curSlide).find(\".flex-caption\").slideDown();\r\n\t\t\t\t}\r\n\t\t\t\t\r\n\t\t\t});\r\n\t\t\t\r\n\t\t});\r\n\t\t\t\r\n\t});\r\n<\/script><\/div>\r\n<\/div>\n<div><\/div>\n<div>\n<!--[if lt IE 9]><script>document.createElement('audio');<\/script><![endif]-->\n<audio class=\"wp-audio-shortcode\" id=\"audio-2337-1\" preload=\"none\" style=\"width: 100%;\" controls=\"controls\"><source type=\"audio\/mpeg\" src=\"http:\/\/www.cepsound.com\/wp-content\/uploads\/CEP_MUSIC_FILES\/Nature-Morte-ESPERANCE_2019.mp3?_=1\" \/><a href=\"http:\/\/www.cepsound.com\/wp-content\/uploads\/CEP_MUSIC_FILES\/Nature-Morte-ESPERANCE_2019.mp3\">http:\/\/www.cepsound.com\/wp-content\/uploads\/CEP_MUSIC_FILES\/Nature-Morte-ESPERANCE_2019.mp3<\/a><\/audio>\n<h6><span style=\"color: #808080;\">Live \u00e9lectroacoustique de la performance en int\u00e9gralit\u00e9 (dur\u00e9e : 20 min.) captation du 20\/09\/19<\/span><\/h6>\n<p><span style=\"color: #808080;\">Dispositif avec 4 micros et manipulations d&#8217;objets\u00a0trait\u00e9 en temps r\u00e9el sur ordinateur (pierres, bois, feuillages, plastiques, jouets \u00e9lectroniques, eau)<\/span><\/p>\n<\/div>\n<hr \/>\n<div id=\"apDiv2\" class=\"style5\">\n<blockquote><p><span style=\"color: #808080;\"><em>Une \u0153uvre qui offre un corps aux enjeux de l\u2019aujourd\u2019hui et du demain. D\u2019abord les visiteurs s\u2019interrogent : hyperr\u00e9alisme ou sculpture vivante ? Mais le corps respire, une petite danse anime le corps imperceptiblement. Totem embo\u00eet\u00e9 : femme renvers\u00e9e, la t\u00eate dans son shopping, les pieds en l\u2019air. Sans parole, sans regard, sans pouvoir avancer. Stagnation, \u00ab nature morte \u00bb. Pourtant la vie, tenace, reprend : ses racines puisant au plus profond de la femme, une petite plante arrive \u00e0 pousser. Esp\u00e9rance. <\/em><span class=\"style7 style7\">\u00bb<\/span><\/span><\/p>\n<p><span style=\"color: #808080;\">in <strong><em>Corpus in Act<\/em><\/strong>, f\u00e9vrier 2011 \u2013 mai 2012<\/span><strong><br \/>\n<\/strong><\/p>\n<hr \/>\n<\/blockquote>\n<p class=\"style7\"><span style=\"color: #808080;\"><span class=\"style7 style7\"><span style=\"color: #808080;\"><strong>concept et performance : <\/strong>Caterina Perazzi<strong><br \/>\nperformance \/ manipulation sonore d&#8217;objets : <\/strong>Micha<strong><br \/>\nlive \u00e9lectroacoustique : <\/strong>Charles-Eric Peard<\/span><\/span><\/span><\/p>\n<p class=\"style7\"><span style=\"color: #808080;\"><span class=\"style7 style7\"><span style=\"color: #808080;\"><strong>dur\u00e9e : <\/strong>20 min.<\/span><br \/>\n<span style=\"color: #808080;\"> <strong>dates :<\/strong> vendredi 20 septembre 2019 \u00e0 18h et samedi 21 septembre \u00e0 16h30 et 18h30<br \/>\n<strong>manifestation :<\/strong> festival <\/span><\/span><em>PASSERELLES<br \/>\n<\/em><strong>lieu :<\/strong> Maison des associations, Veneux-les-Sablons (77)<\/span><\/p>\n<p><span style=\"color: #808080;\"><em>Cr\u00e9dits reportage photos : <span style=\"color: #333333;\"><a style=\"color: #333333;\" href=\"http:\/\/guyblanes.fr\/\" target=\"_blank\" rel=\"noopener\">Guy Blanes<\/a><\/span><\/em><\/span><\/p>\n<\/div>\n","protected":false},"excerpt":{"rendered":"<p>&lt; PREVIOUS | RETOUR | NEXT &gt; installation\/performance tot\u00e9mique Live \u00e9lectroacoustique de la performance en int\u00e9gralit\u00e9 (dur\u00e9e : 20 min.) captation du 20\/09\/19 Dispositif avec&#8230;<\/p>\n","protected":false},"author":1,"featured_media":2340,"parent":1189,"menu_order":0,"comment_status":"closed","ping_status":"closed","template":"","meta":[],"yoast_head":"<!-- This site is optimized with the Yoast SEO plugin v19.13 - https:\/\/yoast.com\/wordpress\/plugins\/seo\/ -->\n<title>Nature Morte - ESPERANCE (2019) avec C. Perazzi, Micha et C-E. Peard<\/title>\n<meta name=\"description\" content=\"Live \u00e9lectroacoustique (dur\u00e9e : 20 min.) captation du 20\/09\/19. Dispositif avec 4 micros et manipulations d&#039;objets trait\u00e9 en temps r\u00e9el sur ordinateur (pierres, bois, feuillages, plastiques, jouets \u00e9lectroniques, eau)\" \/>\n<meta name=\"robots\" content=\"index, follow, max-snippet:-1, max-image-preview:large, max-video-preview:-1\" \/>\n<link rel=\"canonical\" href=\"https:\/\/www.cepsound.com\/art\/performances\/nature-morte-esperance-2019\/\" \/>\n<meta property=\"og:locale\" content=\"fr_FR\" \/>\n<meta property=\"og:type\" content=\"article\" \/>\n<meta property=\"og:title\" content=\"Nature Morte - ESPERANCE (2019) avec C. Perazzi, Micha et C-E. Peard\" \/>\n<meta property=\"og:description\" content=\"Live \u00e9lectroacoustique (dur\u00e9e : 20 min.) captation du 20\/09\/19. Dispositif avec 4 micros et manipulations d&#039;objets trait\u00e9 en temps r\u00e9el sur ordinateur (pierres, bois, feuillages, plastiques, jouets \u00e9lectroniques, eau)\" \/>\n<meta property=\"og:url\" content=\"https:\/\/www.cepsound.com\/art\/performances\/nature-morte-esperance-2019\/\" \/>\n<meta property=\"article:publisher\" content=\"https:\/\/www.facebook.com\/Cepsound-l-Charles-Eric-PEARD-169837659739132\/\" \/>\n<meta property=\"article:modified_time\" content=\"2021-08-12T16:14:28+00:00\" \/>\n<meta property=\"og:image\" content=\"https:\/\/www.cepsound.com\/art\/wp-content\/uploads\/sites\/3\/2019\/10\/Nature-Morte-ESPERANCE_2019_03.jpg\" \/>\n\t<meta property=\"og:image:width\" content=\"1020\" \/>\n\t<meta property=\"og:image:height\" content=\"765\" \/>\n\t<meta property=\"og:image:type\" content=\"image\/jpeg\" \/>\n<meta name=\"twitter:card\" content=\"summary_large_image\" \/>\n<meta name=\"twitter:label1\" content=\"Dur\u00e9e de lecture estim\u00e9e\" \/>\n\t<meta name=\"twitter:data1\" content=\"1 minute\" \/>\n<script type=\"application\/ld+json\" class=\"yoast-schema-graph\">{\"@context\":\"https:\/\/schema.org\",\"@graph\":[{\"@type\":\"WebPage\",\"@id\":\"https:\/\/www.cepsound.com\/art\/performances\/nature-morte-esperance-2019\/\",\"url\":\"https:\/\/www.cepsound.com\/art\/performances\/nature-morte-esperance-2019\/\",\"name\":\"Nature Morte - ESPERANCE (2019) avec C. Perazzi, Micha et C-E. Peard\",\"isPartOf\":{\"@id\":\"http:\/\/www.cepsound.com\/art\/#website\"},\"datePublished\":\"2019-11-15T15:22:08+00:00\",\"dateModified\":\"2021-08-12T16:14:28+00:00\",\"description\":\"Live \u00e9lectroacoustique (dur\u00e9e : 20 min.) captation du 20\/09\/19. Dispositif avec 4 micros et manipulations d'objets trait\u00e9 en temps r\u00e9el sur ordinateur (pierres, bois, feuillages, plastiques, jouets \u00e9lectroniques, eau)\",\"breadcrumb\":{\"@id\":\"https:\/\/www.cepsound.com\/art\/performances\/nature-morte-esperance-2019\/#breadcrumb\"},\"inLanguage\":\"fr-FR\",\"potentialAction\":[{\"@type\":\"ReadAction\",\"target\":[\"https:\/\/www.cepsound.com\/art\/performances\/nature-morte-esperance-2019\/\"]}]},{\"@type\":\"BreadcrumbList\",\"@id\":\"https:\/\/www.cepsound.com\/art\/performances\/nature-morte-esperance-2019\/#breadcrumb\",\"itemListElement\":[{\"@type\":\"ListItem\",\"position\":1,\"name\":\"Accueil\",\"item\":\"http:\/\/www.cepsound.com\/art\/\"},{\"@type\":\"ListItem\",\"position\":2,\"name\":\"Performances\",\"item\":\"http:\/\/www.cepsound.com\/art\/performances\/\"},{\"@type\":\"ListItem\",\"position\":3,\"name\":\"Nature Morte &#8211; ESPERANCE (2019)\"}]},{\"@type\":\"WebSite\",\"@id\":\"http:\/\/www.cepsound.com\/art\/#website\",\"url\":\"http:\/\/www.cepsound.com\/art\/\",\"name\":\"\",\"description\":\"plasticien sonore | sound performer\",\"potentialAction\":[{\"@type\":\"SearchAction\",\"target\":{\"@type\":\"EntryPoint\",\"urlTemplate\":\"http:\/\/www.cepsound.com\/art\/?s={search_term_string}\"},\"query-input\":\"required name=search_term_string\"}],\"inLanguage\":\"fr-FR\"}]}<\/script>\n<!-- \/ Yoast SEO plugin. -->","yoast_head_json":{"title":"Nature Morte - ESPERANCE (2019) avec C. Perazzi, Micha et C-E. Peard","description":"Live \u00e9lectroacoustique (dur\u00e9e : 20 min.) captation du 20\/09\/19. Dispositif avec 4 micros et manipulations d'objets trait\u00e9 en temps r\u00e9el sur ordinateur (pierres, bois, feuillages, plastiques, jouets \u00e9lectroniques, eau)","robots":{"index":"index","follow":"follow","max-snippet":"max-snippet:-1","max-image-preview":"max-image-preview:large","max-video-preview":"max-video-preview:-1"},"canonical":"https:\/\/www.cepsound.com\/art\/performances\/nature-morte-esperance-2019\/","og_locale":"fr_FR","og_type":"article","og_title":"Nature Morte - ESPERANCE (2019) avec C. Perazzi, Micha et C-E. Peard","og_description":"Live \u00e9lectroacoustique (dur\u00e9e : 20 min.) captation du 20\/09\/19. Dispositif avec 4 micros et manipulations d'objets trait\u00e9 en temps r\u00e9el sur ordinateur (pierres, bois, feuillages, plastiques, jouets \u00e9lectroniques, eau)","og_url":"https:\/\/www.cepsound.com\/art\/performances\/nature-morte-esperance-2019\/","article_publisher":"https:\/\/www.facebook.com\/Cepsound-l-Charles-Eric-PEARD-169837659739132\/","article_modified_time":"2021-08-12T16:14:28+00:00","og_image":[{"width":1020,"height":765,"url":"https:\/\/www.cepsound.com\/art\/wp-content\/uploads\/sites\/3\/2019\/10\/Nature-Morte-ESPERANCE_2019_03.jpg","type":"image\/jpeg"}],"twitter_card":"summary_large_image","twitter_misc":{"Dur\u00e9e de lecture estim\u00e9e":"1 minute"},"schema":{"@context":"https:\/\/schema.org","@graph":[{"@type":"WebPage","@id":"https:\/\/www.cepsound.com\/art\/performances\/nature-morte-esperance-2019\/","url":"https:\/\/www.cepsound.com\/art\/performances\/nature-morte-esperance-2019\/","name":"Nature Morte - ESPERANCE (2019) avec C. Perazzi, Micha et C-E. Peard","isPartOf":{"@id":"http:\/\/www.cepsound.com\/art\/#website"},"datePublished":"2019-11-15T15:22:08+00:00","dateModified":"2021-08-12T16:14:28+00:00","description":"Live \u00e9lectroacoustique (dur\u00e9e : 20 min.) captation du 20\/09\/19. Dispositif avec 4 micros et manipulations d'objets trait\u00e9 en temps r\u00e9el sur ordinateur (pierres, bois, feuillages, plastiques, jouets \u00e9lectroniques, eau)","breadcrumb":{"@id":"https:\/\/www.cepsound.com\/art\/performances\/nature-morte-esperance-2019\/#breadcrumb"},"inLanguage":"fr-FR","potentialAction":[{"@type":"ReadAction","target":["https:\/\/www.cepsound.com\/art\/performances\/nature-morte-esperance-2019\/"]}]},{"@type":"BreadcrumbList","@id":"https:\/\/www.cepsound.com\/art\/performances\/nature-morte-esperance-2019\/#breadcrumb","itemListElement":[{"@type":"ListItem","position":1,"name":"Accueil","item":"http:\/\/www.cepsound.com\/art\/"},{"@type":"ListItem","position":2,"name":"Performances","item":"http:\/\/www.cepsound.com\/art\/performances\/"},{"@type":"ListItem","position":3,"name":"Nature Morte &#8211; ESPERANCE (2019)"}]},{"@type":"WebSite","@id":"http:\/\/www.cepsound.com\/art\/#website","url":"http:\/\/www.cepsound.com\/art\/","name":"","description":"plasticien sonore | sound performer","potentialAction":[{"@type":"SearchAction","target":{"@type":"EntryPoint","urlTemplate":"http:\/\/www.cepsound.com\/art\/?s={search_term_string}"},"query-input":"required name=search_term_string"}],"inLanguage":"fr-FR"}]}},"_links":{"self":[{"href":"http:\/\/www.cepsound.com\/art\/wp-json\/wp\/v2\/pages\/2333"}],"collection":[{"href":"http:\/\/www.cepsound.com\/art\/wp-json\/wp\/v2\/pages"}],"about":[{"href":"http:\/\/www.cepsound.com\/art\/wp-json\/wp\/v2\/types\/page"}],"author":[{"embeddable":true,"href":"http:\/\/www.cepsound.com\/art\/wp-json\/wp\/v2\/users\/1"}],"replies":[{"embeddable":true,"href":"http:\/\/www.cepsound.com\/art\/wp-json\/wp\/v2\/comments?post=2333"}],"version-history":[{"count":39,"href":"http:\/\/www.cepsound.com\/art\/wp-json\/wp\/v2\/pages\/2333\/revisions"}],"predecessor-version":[{"id":2525,"href":"http:\/\/www.cepsound.com\/art\/wp-json\/wp\/v2\/pages\/2333\/revisions\/2525"}],"up":[{"embeddable":true,"href":"http:\/\/www.cepsound.com\/art\/wp-json\/wp\/v2\/pages\/1189"}],"wp:featuredmedia":[{"embeddable":true,"href":"http:\/\/www.cepsound.com\/art\/wp-json\/wp\/v2\/media\/2340"}],"wp:attachment":[{"href":"http:\/\/www.cepsound.com\/art\/wp-json\/wp\/v2\/media?parent=2333"}],"curies":[{"name":"wp","href":"https:\/\/api.w.org\/{rel}","templated":true}]}}