{"id":507,"date":"2016-09-19T15:51:37","date_gmt":"2016-09-19T14:51:37","guid":{"rendered":"http:\/\/www.cepsound.com\/www-2\/?page_id=507"},"modified":"2021-08-13T17:34:39","modified_gmt":"2021-08-13T16:34:39","slug":"macroscope01","status":"publish","type":"page","link":"http:\/\/www.cepsound.com\/art\/editions\/macroscope01\/","title":{"rendered":"Macroscope#1 &#8211; Une \u00e9toile est n\u00e9e"},"content":{"rendered":"<h6 style=\"text-align: right;\"><span style=\"color: #000000;\"><span style=\"color: #333333;\"><a style=\"color: #333333;\" href=\"http:\/\/www.cepsound.com\/art\/editions\/gravity-vol-1\/\">&lt; PREVIOUS<\/a><\/span> | <a style=\"color: #000000;\" href=\"http:\/\/www.cepsound.com\/art\/editions\/\">RETOUR <\/a>| <a style=\"color: #000000;\" href=\"http:\/\/www.cepsound.com\/art\/editions\/coeur-negre\/\">NEXT <strong>&gt;<\/strong><\/a><\/span><\/h6>\n<h6 style=\"text-align: left;\"><span style=\"color: #808080;\">r\u00eave \u00e9veill\u00e9 audio \/ musique binaurale<br \/>\n<\/span><\/h6>\n<h6><div class=\"flexslider ewic-slider-lite is_on_\" id=\"ewic-con-114469ee36cb828f3\"><style>#ewic-con-114469ee36cb828f3 .flex-direction-nav .flex-next, #ewic-con-114469ee36cb828f3 .flex-direction-nav .flex-prev {opacity: 1;} #ewic-con-114469ee36cb828f3 .flex-direction-nav .flex-next {right: 10px !important; text-align: right !important;} #ewic-con-114469ee36cb828f3 .flex-direction-nav .flex-prev {left: 10px !important;}<\/style><div id=\"preloader-114469ee36cb828f3\" class=\"sliderpreloader\"><\/div><ul style=\"display:none;\" class=\"slides flexslider-114469ee36cb828f3\"><li class=\"ewic-slider\"><a href=\"http:\/\/www.cepsound.com\/art\/wp-content\/uploads\/sites\/3\/2016\/10\/Macroscope01_01.jpg\"  rel=\"ewicprettyPhoto[114469ee36cb828f3]\"><img  class=\"ewic-wid-imgs\" src=\"http:\/\/www.cepsound.com\/art\/wp-content\/uploads\/sites\/3\/2016\/10\/Macroscope01_01.jpg\" \/><p class=\"flex-caption\"><\/p><\/a><\/li><li class=\"ewic-slider\"><a href=\"http:\/\/www.cepsound.com\/art\/wp-content\/uploads\/sites\/3\/2016\/10\/Macroscope01_02.jpg\"  rel=\"ewicprettyPhoto[114469ee36cb828f3]\"><img  class=\"ewic-wid-imgs\" src=\"http:\/\/www.cepsound.com\/art\/wp-content\/uploads\/sites\/3\/2016\/10\/Macroscope01_02.jpg\" \/><p class=\"flex-caption\"><\/p><\/a><\/li><li class=\"ewic-slider\"><a href=\"http:\/\/www.cepsound.com\/art\/wp-content\/uploads\/sites\/3\/2016\/10\/Macroscope01_03.jpg\"  rel=\"ewicprettyPhoto[114469ee36cb828f3]\"><img  class=\"ewic-wid-imgs\" src=\"http:\/\/www.cepsound.com\/art\/wp-content\/uploads\/sites\/3\/2016\/10\/Macroscope01_03.jpg\" \/><p class=\"flex-caption\"><\/p><\/a><\/li><li class=\"ewic-slider\"><a href=\"http:\/\/www.cepsound.com\/art\/wp-content\/uploads\/sites\/3\/2016\/10\/Macroscope01_04.jpg\"  rel=\"ewicprettyPhoto[114469ee36cb828f3]\"><img  class=\"ewic-wid-imgs\" src=\"http:\/\/www.cepsound.com\/art\/wp-content\/uploads\/sites\/3\/2016\/10\/Macroscope01_04.jpg\" \/><p class=\"flex-caption\"><\/p><\/a><\/li><\/ul><script type=\"text\/javascript\">\r\n\tjQuery(document).ready(function($) {\r\n\t\t\r\n\t\t$(\"#preloader-114469ee36cb828f3\").fadeOut(500, function () {\r\n\t\t\t\r\n\t\t\t$(\"#ewic-con-114469ee36cb828f3\").addClass(\"ready_to_show\");\r\n\t\t\t\r\n\t\t\t$(\"a[rel^='ewicprettyPhoto[114469ee36cb828f3]']\").ewcPhoto({\r\n\t\t\t\ttheme: \"ewc_default\",\r\n\t\t\t\tallow_expand: false,\r\n\t\t\t\tdeeplinking: false,\r\n\t\t\t\tslideshow:30000,\r\n\t\t\t\tautoplay_slideshow:false,\r\n\t\t\t\tsocial_tools:false\r\n\t\t\t});\r\n\t\t\t\r\n\t\t\t$(\".flexslider-114469ee36cb828f3\").fadeIn(300);\r\n\t\t\t\r\n\t\t\t$(\"#ewic-con-114469ee36cb828f3\").flexslider({\r\n\t\t\t\tanimation: \"slide\",\r\n\t\t\t\tanimationSpeed: 0,\r\n\t\t\t\tuseCSS: false,\r\n\t\t\t\teasing: \"easeInOutCubic\",\r\n\t\t\t\tdirection: \"horizontal\",\r\n\t\t\t\tslideshow: true,\r\n\t\t\t\tsmoothHeight: true,\r\n\t\t\t\tpauseOnHover: true, \r\n\t\t\t\tcontrolNav: false,\r\n\t\t\t\tprevText: \"\",\r\n\t\t\t\tnextText: \"\",\r\n\t\t\t\trtl: false,\r\n\t\t\t\tslideshowSpeed: 30000,\r\n\t\t\t\tstart: function(slider){\r\n\t\t\t\t\t$(\"#ewic-con-114469ee36cb828f3\").find(\".flex-caption\").hide();\r\n\t\t\t\t\tvar curSlide = slider.find(\"li.flex-active-slide\");\r\n\t\t\t\t\t$(curSlide).find(\".flex-caption\").slideDown();\r\n\t\t\t\t},\r\n\t\t\t\tbefore: function(slider) {\r\n\t\t\t\t\t$(\"#ewic-con-114469ee36cb828f3\").find(\".flex-caption\").slideUp();\r\n\t\t\t\t},\r\n\t\t\t\tafter: function(slider) {\r\n\t\t\t\t\tvar curSlide = slider.find(\"li.flex-active-slide\");\r\n\t\t\t\t\t$(curSlide).find(\".flex-caption\").slideDown();\r\n\t\t\t\t}\r\n\t\t\t\t\r\n\t\t\t});\r\n\t\t\t\r\n\t\t});\r\n\t\t\t\r\n\t});\r\n<\/script><\/div>\r\n<\/h6>\n<!--[if lt IE 9]><script>document.createElement('audio');<\/script><![endif]-->\n<audio class=\"wp-audio-shortcode\" id=\"audio-1144-1\" preload=\"none\" style=\"width: 100%;\" controls=\"controls\"><source type=\"audio\/mpeg\" src=\"http:\/\/www.cepsound.com\/wp-content\/uploads\/sites\/3\/2016\/09\/MACROSCOPE1_extrait01.mp3?_=1\" \/><a href=\"http:\/\/www.cepsound.com\/wp-content\/uploads\/sites\/3\/2016\/09\/MACROSCOPE1_extrait01.mp3\">http:\/\/www.cepsound.com\/wp-content\/uploads\/sites\/3\/2016\/09\/MACROSCOPE1_extrait01.mp3<\/a><\/audio>\n<h6 style=\"padding-left: 30px;\"><span style=\"color: #808080;\">Extrait (3&#8217;24)<\/span><\/h6>\n<hr \/>\n<blockquote>\n<div class=\"wrapper\">\n<div class=\"wrapper_inner\">\n<div class=\"content \">\n<div class=\"content_inner \">\n<div class=\"container\">\n<div class=\"container_inner default_template_holder clearfix\">\n<div class=\"portfolio_single small-slider\">\n<div class=\"two_columns_66_33 clearfix portfolio_container\">\n<div class=\"column2\">\n<div class=\"column_inner\">\n<div class=\"portfolio_detail portfolio_single_follow\">\n<div class=\"info portfolio_single_content\">\n<p><em><span style=\"color: #808080;\">Les \u00e9toiles sont n\u00e9es d\u2019un grand r\u00eave, que les cosmologistes appellent big-bang.<\/span><\/em><\/p>\n<p class=\"style7\"><span style=\"color: #808080;\"><em>La mati\u00e8re de nos corps est n\u00e9e dans les \u00e9toiles.\u00a0 Par-del\u00e0 nos parents, nous h\u00e9ritons d\u2019\u00eatres gigantesques et magnifiques.<\/em> \u00bb<\/span><\/p>\n<\/div>\n<\/div>\n<\/div>\n<\/div>\n<\/div>\n<\/div>\n<\/div>\n<\/div>\n<\/div>\n<\/div>\n<\/div>\n<\/div>\n<p class=\"style7\"><span style=\"color: #808080;\"><strong>Yann Desbrosses<br \/>\n<\/strong><\/span><\/p>\n<hr \/>\n<\/blockquote>\n<p><span style=\"color: #808080;\"><strong>r\u00eave \u00e9veill\u00e9 audio\/musique binaurale<\/strong>, adaptation de l\u2019exp\u00e9rience sensorielle <em>Les siestes a\u00e9riennes<\/em><\/span><br \/>\n<span style=\"color: #808080;\"> <strong>dur\u00e9e :<\/strong> 40 min.<\/span><\/p>\n<p><span style=\"color: #808080;\"><strong>auteurs :<\/strong> Jean-Pierre Minier et Yann Desbrosses<\/span><br \/>\n<span style=\"color: #808080;\"><strong>voix :<\/strong> Yann Desbrosses<\/span><br \/>\n<span style=\"color: #808080;\"> <strong>compositions sonores et montage :<\/strong> Charles-Eric P\u00e9ard<\/span><br \/>\n<span style=\"color: #808080;\"> <strong>production :<\/strong> <\/span><span style=\"color: #000000;\"><a style=\"color: #000000;\" href=\"http:\/\/lesensdelavisite.com\" target=\"_blank\" rel=\"noopener\">Cie Le Sens de la Visite<\/a><\/span><\/p>\n<p><span style=\"color: #808080;\"><strong>date de sortie :<\/strong> 2017<\/span><\/p>\n","protected":false},"excerpt":{"rendered":"<p>&lt; PREVIOUS | RETOUR | NEXT &gt; r\u00eave \u00e9veill\u00e9 audio \/ musique binaurale Extrait (3&#8217;24) Les \u00e9toiles sont n\u00e9es d\u2019un grand r\u00eave, que les cosmologistes&#8230;<\/p>\n","protected":false},"author":1,"featured_media":0,"parent":576,"menu_order":0,"comment_status":"closed","ping_status":"closed","template":"","meta":[],"yoast_head":"<!-- This site is optimized with the Yoast SEO plugin v19.13 - https:\/\/yoast.com\/wordpress\/plugins\/seo\/ -->\n<title>Macroscope#1 - Une \u00e9toile est n\u00e9e &ndash;<\/title>\n<meta name=\"description\" content=\"R\u00eave \u00e9veill\u00e9 audio\/musique binaurale, adaptation de l\u2019exp\u00e9rience sensorielle &quot;Les siestes a\u00e9riennes&quot;.\" \/>\n<meta name=\"robots\" content=\"index, follow, max-snippet:-1, max-image-preview:large, max-video-preview:-1\" \/>\n<link rel=\"canonical\" href=\"http:\/\/www.cepsound.com\/art\/editions\/macroscope01\/\" \/>\n<meta property=\"og:locale\" content=\"fr_FR\" \/>\n<meta property=\"og:type\" content=\"article\" \/>\n<meta property=\"og:title\" content=\"Macroscope#1 - Une \u00e9toile est n\u00e9e &ndash;\" \/>\n<meta property=\"og:description\" content=\"R\u00eave \u00e9veill\u00e9 audio\/musique binaurale, adaptation de l\u2019exp\u00e9rience sensorielle &quot;Les siestes a\u00e9riennes&quot;.\" \/>\n<meta property=\"og:url\" content=\"http:\/\/www.cepsound.com\/art\/editions\/macroscope01\/\" \/>\n<meta property=\"article:publisher\" content=\"https:\/\/www.facebook.com\/Cepsound-l-Charles-Eric-PEARD-169837659739132\/\" \/>\n<meta property=\"article:modified_time\" content=\"2021-08-13T16:34:39+00:00\" \/>\n<meta name=\"twitter:card\" content=\"summary_large_image\" \/>\n<meta name=\"twitter:label1\" content=\"Dur\u00e9e de lecture estim\u00e9e\" \/>\n\t<meta name=\"twitter:data1\" content=\"1 minute\" \/>\n<script type=\"application\/ld+json\" class=\"yoast-schema-graph\">{\"@context\":\"https:\/\/schema.org\",\"@graph\":[{\"@type\":\"WebPage\",\"@id\":\"http:\/\/www.cepsound.com\/art\/editions\/macroscope01\/\",\"url\":\"http:\/\/www.cepsound.com\/art\/editions\/macroscope01\/\",\"name\":\"Macroscope#1 - Une \u00e9toile est n\u00e9e &ndash;\",\"isPartOf\":{\"@id\":\"http:\/\/www.cepsound.com\/art\/#website\"},\"datePublished\":\"2016-09-19T14:51:37+00:00\",\"dateModified\":\"2021-08-13T16:34:39+00:00\",\"description\":\"R\u00eave \u00e9veill\u00e9 audio\/musique binaurale, adaptation de l\u2019exp\u00e9rience sensorielle \\\"Les siestes a\u00e9riennes\\\".\",\"breadcrumb\":{\"@id\":\"http:\/\/www.cepsound.com\/art\/editions\/macroscope01\/#breadcrumb\"},\"inLanguage\":\"fr-FR\",\"potentialAction\":[{\"@type\":\"ReadAction\",\"target\":[\"http:\/\/www.cepsound.com\/art\/editions\/macroscope01\/\"]}]},{\"@type\":\"BreadcrumbList\",\"@id\":\"http:\/\/www.cepsound.com\/art\/editions\/macroscope01\/#breadcrumb\",\"itemListElement\":[{\"@type\":\"ListItem\",\"position\":1,\"name\":\"Accueil\",\"item\":\"http:\/\/www.cepsound.com\/art\/\"},{\"@type\":\"ListItem\",\"position\":2,\"name\":\"\u00e9ditions\",\"item\":\"http:\/\/www.cepsound.com\/art\/editions\/\"},{\"@type\":\"ListItem\",\"position\":3,\"name\":\"Macroscope#1 &#8211; Une \u00e9toile est n\u00e9e\"}]},{\"@type\":\"WebSite\",\"@id\":\"http:\/\/www.cepsound.com\/art\/#website\",\"url\":\"http:\/\/www.cepsound.com\/art\/\",\"name\":\"\",\"description\":\"plasticien sonore | sound performer\",\"potentialAction\":[{\"@type\":\"SearchAction\",\"target\":{\"@type\":\"EntryPoint\",\"urlTemplate\":\"http:\/\/www.cepsound.com\/art\/?s={search_term_string}\"},\"query-input\":\"required name=search_term_string\"}],\"inLanguage\":\"fr-FR\"}]}<\/script>\n<!-- \/ Yoast SEO plugin. -->","yoast_head_json":{"title":"Macroscope#1 - Une \u00e9toile est n\u00e9e &ndash;","description":"R\u00eave \u00e9veill\u00e9 audio\/musique binaurale, adaptation de l\u2019exp\u00e9rience sensorielle \"Les siestes a\u00e9riennes\".","robots":{"index":"index","follow":"follow","max-snippet":"max-snippet:-1","max-image-preview":"max-image-preview:large","max-video-preview":"max-video-preview:-1"},"canonical":"http:\/\/www.cepsound.com\/art\/editions\/macroscope01\/","og_locale":"fr_FR","og_type":"article","og_title":"Macroscope#1 - Une \u00e9toile est n\u00e9e &ndash;","og_description":"R\u00eave \u00e9veill\u00e9 audio\/musique binaurale, adaptation de l\u2019exp\u00e9rience sensorielle \"Les siestes a\u00e9riennes\".","og_url":"http:\/\/www.cepsound.com\/art\/editions\/macroscope01\/","article_publisher":"https:\/\/www.facebook.com\/Cepsound-l-Charles-Eric-PEARD-169837659739132\/","article_modified_time":"2021-08-13T16:34:39+00:00","twitter_card":"summary_large_image","twitter_misc":{"Dur\u00e9e de lecture estim\u00e9e":"1 minute"},"schema":{"@context":"https:\/\/schema.org","@graph":[{"@type":"WebPage","@id":"http:\/\/www.cepsound.com\/art\/editions\/macroscope01\/","url":"http:\/\/www.cepsound.com\/art\/editions\/macroscope01\/","name":"Macroscope#1 - Une \u00e9toile est n\u00e9e &ndash;","isPartOf":{"@id":"http:\/\/www.cepsound.com\/art\/#website"},"datePublished":"2016-09-19T14:51:37+00:00","dateModified":"2021-08-13T16:34:39+00:00","description":"R\u00eave \u00e9veill\u00e9 audio\/musique binaurale, adaptation de l\u2019exp\u00e9rience sensorielle \"Les siestes a\u00e9riennes\".","breadcrumb":{"@id":"http:\/\/www.cepsound.com\/art\/editions\/macroscope01\/#breadcrumb"},"inLanguage":"fr-FR","potentialAction":[{"@type":"ReadAction","target":["http:\/\/www.cepsound.com\/art\/editions\/macroscope01\/"]}]},{"@type":"BreadcrumbList","@id":"http:\/\/www.cepsound.com\/art\/editions\/macroscope01\/#breadcrumb","itemListElement":[{"@type":"ListItem","position":1,"name":"Accueil","item":"http:\/\/www.cepsound.com\/art\/"},{"@type":"ListItem","position":2,"name":"\u00e9ditions","item":"http:\/\/www.cepsound.com\/art\/editions\/"},{"@type":"ListItem","position":3,"name":"Macroscope#1 &#8211; Une \u00e9toile est n\u00e9e"}]},{"@type":"WebSite","@id":"http:\/\/www.cepsound.com\/art\/#website","url":"http:\/\/www.cepsound.com\/art\/","name":"","description":"plasticien sonore | sound performer","potentialAction":[{"@type":"SearchAction","target":{"@type":"EntryPoint","urlTemplate":"http:\/\/www.cepsound.com\/art\/?s={search_term_string}"},"query-input":"required name=search_term_string"}],"inLanguage":"fr-FR"}]}},"_links":{"self":[{"href":"http:\/\/www.cepsound.com\/art\/wp-json\/wp\/v2\/pages\/507"}],"collection":[{"href":"http:\/\/www.cepsound.com\/art\/wp-json\/wp\/v2\/pages"}],"about":[{"href":"http:\/\/www.cepsound.com\/art\/wp-json\/wp\/v2\/types\/page"}],"author":[{"embeddable":true,"href":"http:\/\/www.cepsound.com\/art\/wp-json\/wp\/v2\/users\/1"}],"replies":[{"embeddable":true,"href":"http:\/\/www.cepsound.com\/art\/wp-json\/wp\/v2\/comments?post=507"}],"version-history":[{"count":15,"href":"http:\/\/www.cepsound.com\/art\/wp-json\/wp\/v2\/pages\/507\/revisions"}],"predecessor-version":[{"id":2569,"href":"http:\/\/www.cepsound.com\/art\/wp-json\/wp\/v2\/pages\/507\/revisions\/2569"}],"up":[{"embeddable":true,"href":"http:\/\/www.cepsound.com\/art\/wp-json\/wp\/v2\/pages\/576"}],"wp:attachment":[{"href":"http:\/\/www.cepsound.com\/art\/wp-json\/wp\/v2\/media?parent=507"}],"curies":[{"name":"wp","href":"https:\/\/api.w.org\/{rel}","templated":true}]}}