{"id":145,"date":"2016-10-23T16:51:04","date_gmt":"2016-10-23T14:51:04","guid":{"rendered":"http:\/\/www.cepsound.com\/design\/?page_id=145"},"modified":"2021-08-16T18:21:44","modified_gmt":"2021-08-16T16:21:44","slug":"dickson","status":"publish","type":"page","link":"http:\/\/www.cepsound.com\/illustration\/musique-a-limage\/dickson\/","title":{"rendered":"Dickson"},"content":{"rendered":"<h6 style=\"text-align: right;\"><span style=\"color: #808080;\"><a href=\"http:\/\/www.cepsound.com\/illustration\/musiques-a-limage\/prix-cube-1ere-edition\/\">&lt; PREVIOUS<\/a> | <a href=\"http:\/\/www.cepsound.com\/illustration\/musique-a-limage\/\">RETOUR <\/a>| <a href=\"http:\/\/www.cepsound.com\/illustration\/musiques-a-limage\/le-cube-film-institutionnel-2011\/\">NEXT &gt;<\/a><\/span><\/h6>\n<h6><span style=\"color: #999999;\"><span style=\"color: #808080;\">vid\u00e9o promotionnelle<\/span><\/span><\/h6>\n<div style=\"width: 640px;\" class=\"wp-video\"><!--[if lt IE 9]><script>document.createElement('video');<\/script><![endif]-->\n<video class=\"wp-video-shortcode\" id=\"video-145-1\" width=\"640\" height=\"360\" poster=\"http:\/\/www.cepsound.com\/design\/wp-content\/uploads\/sites\/2\/2016\/10\/dickson_vignette-video.jpg\" preload=\"auto\" controls=\"controls\"><source type=\"video\/mp4\" src=\"http:\/\/www.cepsound.com\/wp-content\/uploads\/sites\/2\/2016\/10\/Dickson.mp4?_=1\" \/><a href=\"http:\/\/www.cepsound.com\/wp-content\/uploads\/sites\/2\/2016\/10\/Dickson.mp4\">http:\/\/www.cepsound.com\/wp-content\/uploads\/sites\/2\/2016\/10\/Dickson.mp4<\/a><\/video><\/div>\n<p><span style=\"color: #808080;\">c<strong>lient :<\/strong> Dickson<\/span><br \/>\n<span style=\"color: #808080;\"> <strong> description :<\/strong> vid\u00e9o promotionnelle<\/span><br \/>\n<span style=\"color: #808080;\"> <strong> dur\u00e9e :<\/strong> 2 min.<\/span><br \/>\n<span style=\"color: #808080;\"><strong> agence :<\/strong> Epure Design (<a href=\"http:\/\/www.publicisgroupe.com\" target=\"_blank\" rel=\"noopener\">Groupe Publicis<\/a>)<\/span><br \/>\n<span style=\"color: #808080;\"><strong> diffusion :<\/strong> <a href=\"http:\/\/www.messe-stuttgart.de\/r-t\/\" target=\"_blank\" rel=\"noopener\">R+T<\/a>, Stuttgart (Allemagne)<\/span><\/p>\n<p><span style=\"color: #808080;\"><strong>vid\u00e9o :<\/strong> <a href=\"http:\/\/www.romain-desanti.com\/\" target=\"_blank\" rel=\"noopener\">Romain de Santi<\/a><\/span><br \/>\n<span style=\"color: #808080;\"><strong> habillage sonore :<\/strong> <span class=\"style7 Style12\">Charles-Eric P\u00e9ard<\/span><\/span><\/p>\n","protected":false},"excerpt":{"rendered":"<p>&lt; PREVIOUS | RETOUR | NEXT &gt; vid\u00e9o promotionnelle client : Dickson description : vid\u00e9o promotionnelle dur\u00e9e : 2 min. agence : Epure Design (Groupe&#8230;<\/p>\n","protected":false},"author":1,"featured_media":0,"parent":25,"menu_order":0,"comment_status":"closed","ping_status":"closed","template":"","meta":[],"_links":{"self":[{"href":"http:\/\/www.cepsound.com\/illustration\/wp-json\/wp\/v2\/pages\/145"}],"collection":[{"href":"http:\/\/www.cepsound.com\/illustration\/wp-json\/wp\/v2\/pages"}],"about":[{"href":"http:\/\/www.cepsound.com\/illustration\/wp-json\/wp\/v2\/types\/page"}],"author":[{"embeddable":true,"href":"http:\/\/www.cepsound.com\/illustration\/wp-json\/wp\/v2\/users\/1"}],"replies":[{"embeddable":true,"href":"http:\/\/www.cepsound.com\/illustration\/wp-json\/wp\/v2\/comments?post=145"}],"version-history":[{"count":12,"href":"http:\/\/www.cepsound.com\/illustration\/wp-json\/wp\/v2\/pages\/145\/revisions"}],"predecessor-version":[{"id":808,"href":"http:\/\/www.cepsound.com\/illustration\/wp-json\/wp\/v2\/pages\/145\/revisions\/808"}],"up":[{"embeddable":true,"href":"http:\/\/www.cepsound.com\/illustration\/wp-json\/wp\/v2\/pages\/25"}],"wp:attachment":[{"href":"http:\/\/www.cepsound.com\/illustration\/wp-json\/wp\/v2\/media?parent=145"}],"curies":[{"name":"wp","href":"https:\/\/api.w.org\/{rel}","templated":true}]}}