{"id":2562,"date":"2021-08-13T17:23:58","date_gmt":"2021-08-13T16:23:58","guid":{"rendered":"http:\/\/www.cepsound.com\/art\/?page_id=2562"},"modified":"2024-10-20T11:06:30","modified_gmt":"2024-10-20T10:06:30","slug":"gravity-vol-1","status":"publish","type":"page","link":"https:\/\/www.cepsound.com\/art\/editions\/gravity-vol-1\/","title":{"rendered":"Gravity Vol.1"},"content":{"rendered":"<h6 style=\"text-align: right;\"><span style=\"color: #000000;\"><span style=\"color: #999999;\">&lt; PREVIOUS<\/span> | <span style=\"color: #333333;\"><a style=\"color: #333333;\" href=\"http:\/\/www.cepsound.com\/art\/editions\/\">RETOUR <\/a><\/span>| <a style=\"color: #000000;\" href=\"http:\/\/www.cepsound.com\/art\/editions\/macroscope01\/\"><span style=\"color: #333333;\">NEXT <strong>&gt;<\/strong><\/span><\/a><\/span><\/h6>\n<h6><span style=\"color: #808080;\">Musiques libres de droits<\/span><\/h6>\n<div class=\"flexslider ewic-slider-lite is_on_\" id=\"ewic-con-254569f5fd0ad8766\"><style>#ewic-con-254569f5fd0ad8766 .flex-direction-nav .flex-next, #ewic-con-254569f5fd0ad8766 .flex-direction-nav .flex-prev {opacity: 1;} #ewic-con-254569f5fd0ad8766 .flex-direction-nav .flex-next {right: 10px !important; text-align: right !important;} #ewic-con-254569f5fd0ad8766 .flex-direction-nav .flex-prev {left: 10px !important;}<\/style><div id=\"preloader-254569f5fd0ad8766\" class=\"sliderpreloader\"><\/div><ul style=\"display:none;\" class=\"slides flexslider-254569f5fd0ad8766\"><li class=\"ewic-slider\"><a href=\"https:\/\/www.cepsound.com\/art\/wp-content\/uploads\/sites\/3\/2021\/08\/Gravity-Vol.1.jpg\" title=\"Gravity-Vol.1\" rel=\"ewicprettyPhoto[254569f5fd0ad8766]\"><img title=\"Gravity-Vol.1\" class=\"ewic-wid-imgs\" src=\"https:\/\/www.cepsound.com\/art\/wp-content\/uploads\/sites\/3\/2021\/08\/Gravity-Vol.1.jpg\" \/><p class=\"flex-caption\">Gravity-Vol.1<\/p><\/a><\/li><\/ul><script type=\"text\/javascript\">\r\n\tjQuery(document).ready(function($) {\r\n\t\t\r\n\t\t$(\"#preloader-254569f5fd0ad8766\").fadeOut(500, function () {\r\n\t\t\t\r\n\t\t\t$(\"#ewic-con-254569f5fd0ad8766\").addClass(\"ready_to_show\");\r\n\t\t\t\r\n\t\t\t$(\"a[rel^='ewicprettyPhoto[254569f5fd0ad8766]']\").ewcPhoto({\r\n\t\t\t\ttheme: \"ewc_default\",\r\n\t\t\t\tallow_expand: false,\r\n\t\t\t\tdeeplinking: false,\r\n\t\t\t\tslideshow:5000,\r\n\t\t\t\tautoplay_slideshow:false,\r\n\t\t\t\tsocial_tools:false\r\n\t\t\t});\r\n\t\t\t\r\n\t\t\t$(\".flexslider-254569f5fd0ad8766\").fadeIn(300);\r\n\t\t\t\r\n\t\t\t$(\"#ewic-con-254569f5fd0ad8766\").flexslider({\r\n\t\t\t\tanimation: \"slide\",\r\n\t\t\t\tanimationSpeed: 0,\r\n\t\t\t\tuseCSS: false,\r\n\t\t\t\teasing: \"easeInQuad\",\r\n\t\t\t\tdirection: \"horizontal\",\r\n\t\t\t\tslideshow: false,\r\n\t\t\t\tsmoothHeight: true,\r\n\t\t\t\tpauseOnHover: true, \r\n\t\t\t\tcontrolNav: false,\r\n\t\t\t\tprevText: \"\",\r\n\t\t\t\tnextText: \"\",\r\n\t\t\t\trtl: false,\r\n\t\t\t\tslideshowSpeed: 6000,\r\n\t\t\t\tstart: function(slider){\r\n\t\t\t\t\t$(\"#ewic-con-254569f5fd0ad8766\").find(\".flex-caption\").hide();\r\n\t\t\t\t\tvar curSlide = slider.find(\"li.flex-active-slide\");\r\n\t\t\t\t\t$(curSlide).find(\".flex-caption\").slideDown();\r\n\t\t\t\t},\r\n\t\t\t\tbefore: function(slider) {\r\n\t\t\t\t\t$(\"#ewic-con-254569f5fd0ad8766\").find(\".flex-caption\").slideUp();\r\n\t\t\t\t},\r\n\t\t\t\tafter: function(slider) {\r\n\t\t\t\t\tvar curSlide = slider.find(\"li.flex-active-slide\");\r\n\t\t\t\t\t$(curSlide).find(\".flex-caption\").slideDown();\r\n\t\t\t\t}\r\n\t\t\t\t\r\n\t\t\t});\r\n\t\t\t\r\n\t\t});\r\n\t\t\t\r\n\t});\r\n<\/script><\/div>\r\n\n<p><span style=\"color: #808080;\"><span class=\"style7 style7\">Album 10 titres<strong> libres de droits<br \/>\ncompositeur : <\/strong>cepSound \/ Charles-Eric Peard<strong><br \/>\n<\/strong><\/span><strong>\u00e9diteur :<\/strong> <a style=\"color: #808080;\" href=\"https:\/\/library.wecompoze.com\/\" target=\"_blank\" rel=\"noopener\"><span style=\"color: #333333;\">WeCompoze<\/span><\/a><\/span><br \/>\n<span style=\"color: #808080;\"><strong>date de sortie :<\/strong> 2020<\/span><\/p>\n<p><span style=\"color: #808080;\"><strong>\u00c9coute, t\u00e9l\u00e9chargement<\/strong> et <strong>tarifs de synchronisation<\/strong> disponibles sur le site de <strong>WeCompoze<\/strong> : <strong><a style=\"color: #808080;\" href=\"https:\/\/library.wecompoze.com\/album\/gravity-vol1\" target=\"_blank\" rel=\"noopener\"><span style=\"color: #333333;\">https:\/\/library.wecompoze.com\/album\/gravity-vol1<\/span><\/a><br \/>\n<\/strong><\/span><\/p>\n<hr \/>\n<blockquote><p><span style=\"color: #808080;\"><strong>D\u00e9tail de l&#8217;album :<\/strong><\/span><\/p>\n<p><span style=\"color: #808080;\">1. At The Very End, A Jellyfish (2&#8217;55)<\/span><\/p>\n<p><span style=\"color: #808080;\">2. Bring Me To Life (3&#8217;35)<\/span><\/p>\n<p><span style=\"color: #808080;\">3. Childhood Memories (4&#8217;21)<\/span><\/p>\n<p><span style=\"color: #808080;\">4. Electric Birds (6&#8217;32)<\/span><\/p>\n<p><span style=\"color: #808080;\">5. Giants Steps (2&#8217;22)<\/span><\/p>\n<p><span style=\"color: #808080;\">6. Hope In Nature (3&#8217;28)<\/span><\/p>\n<p><span style=\"color: #808080;\">7. Birds Of Canada (2&#8217;14)<\/span><\/p>\n<p><span style=\"color: #808080;\">8. Brakes (6&#8217;04)<\/span><\/p>\n<p><span style=\"color: #808080;\">9. Trough The Blue Cave (3&#8217;03)<\/span><\/p>\n<p><span style=\"color: #808080;\">10. Moonwalk (2&#8217;44)<\/span><\/p>\n<hr \/>\n<\/blockquote>\n","protected":false},"excerpt":{"rendered":"<p>&lt; PREVIOUS | RETOUR | NEXT &gt; Musiques libres de droits Album 10 titres libres de droits compositeur : cepSound \/ Charles-Eric Peard \u00e9diteur :&#8230;<\/p>\n","protected":false},"author":1,"featured_media":0,"parent":576,"menu_order":0,"comment_status":"closed","ping_status":"closed","template":"","meta":[],"yoast_head":"<!-- This site is optimized with the Yoast SEO plugin v19.13 - https:\/\/yoast.com\/wordpress\/plugins\/seo\/ -->\n<title>Gravity Vol.1 &ndash;<\/title>\n<meta name=\"description\" content=\"R\u00eave \u00e9veill\u00e9 audio\/musique binaurale, adaptation de l\u2019exp\u00e9rience sensorielle &quot;Les siestes a\u00e9riennes&quot;.\" \/>\n<meta name=\"robots\" content=\"index, follow, max-snippet:-1, max-image-preview:large, max-video-preview:-1\" \/>\n<link rel=\"canonical\" href=\"https:\/\/www.cepsound.com\/art\/editions\/gravity-vol-1\/\" \/>\n<meta property=\"og:locale\" content=\"fr_FR\" \/>\n<meta property=\"og:type\" content=\"article\" \/>\n<meta property=\"og:title\" content=\"Gravity Vol.1 &ndash;\" \/>\n<meta property=\"og:description\" content=\"R\u00eave \u00e9veill\u00e9 audio\/musique binaurale, adaptation de l\u2019exp\u00e9rience sensorielle &quot;Les siestes a\u00e9riennes&quot;.\" \/>\n<meta property=\"og:url\" content=\"https:\/\/www.cepsound.com\/art\/editions\/gravity-vol-1\/\" \/>\n<meta property=\"article:publisher\" content=\"https:\/\/www.facebook.com\/Cepsound-l-Charles-Eric-PEARD-169837659739132\/\" \/>\n<meta property=\"article:modified_time\" content=\"2024-10-20T10:06:30+00:00\" \/>\n<meta name=\"twitter:card\" content=\"summary_large_image\" \/>\n<meta name=\"twitter:label1\" content=\"Dur\u00e9e de lecture estim\u00e9e\" \/>\n\t<meta name=\"twitter:data1\" content=\"1 minute\" \/>\n<script type=\"application\/ld+json\" class=\"yoast-schema-graph\">{\"@context\":\"https:\/\/schema.org\",\"@graph\":[{\"@type\":\"WebPage\",\"@id\":\"https:\/\/www.cepsound.com\/art\/editions\/gravity-vol-1\/\",\"url\":\"https:\/\/www.cepsound.com\/art\/editions\/gravity-vol-1\/\",\"name\":\"Gravity Vol.1 &ndash;\",\"isPartOf\":{\"@id\":\"https:\/\/www.cepsound.com\/art\/#website\"},\"datePublished\":\"2021-08-13T16:23:58+00:00\",\"dateModified\":\"2024-10-20T10:06:30+00:00\",\"description\":\"R\u00eave \u00e9veill\u00e9 audio\/musique binaurale, adaptation de l\u2019exp\u00e9rience sensorielle \\\"Les siestes a\u00e9riennes\\\".\",\"breadcrumb\":{\"@id\":\"https:\/\/www.cepsound.com\/art\/editions\/gravity-vol-1\/#breadcrumb\"},\"inLanguage\":\"fr-FR\",\"potentialAction\":[{\"@type\":\"ReadAction\",\"target\":[\"https:\/\/www.cepsound.com\/art\/editions\/gravity-vol-1\/\"]}]},{\"@type\":\"BreadcrumbList\",\"@id\":\"https:\/\/www.cepsound.com\/art\/editions\/gravity-vol-1\/#breadcrumb\",\"itemListElement\":[{\"@type\":\"ListItem\",\"position\":1,\"name\":\"Accueil\",\"item\":\"https:\/\/www.cepsound.com\/art\/\"},{\"@type\":\"ListItem\",\"position\":2,\"name\":\"\u00e9ditions\",\"item\":\"https:\/\/www.cepsound.com\/art\/editions\/\"},{\"@type\":\"ListItem\",\"position\":3,\"name\":\"Gravity Vol.1\"}]},{\"@type\":\"WebSite\",\"@id\":\"https:\/\/www.cepsound.com\/art\/#website\",\"url\":\"https:\/\/www.cepsound.com\/art\/\",\"name\":\"\",\"description\":\"plasticien sonore | sound performer\",\"potentialAction\":[{\"@type\":\"SearchAction\",\"target\":{\"@type\":\"EntryPoint\",\"urlTemplate\":\"https:\/\/www.cepsound.com\/art\/?s={search_term_string}\"},\"query-input\":\"required name=search_term_string\"}],\"inLanguage\":\"fr-FR\"}]}<\/script>\n<!-- \/ Yoast SEO plugin. -->","yoast_head_json":{"title":"Gravity Vol.1 &ndash;","description":"R\u00eave \u00e9veill\u00e9 audio\/musique binaurale, adaptation de l\u2019exp\u00e9rience sensorielle \"Les siestes a\u00e9riennes\".","robots":{"index":"index","follow":"follow","max-snippet":"max-snippet:-1","max-image-preview":"max-image-preview:large","max-video-preview":"max-video-preview:-1"},"canonical":"https:\/\/www.cepsound.com\/art\/editions\/gravity-vol-1\/","og_locale":"fr_FR","og_type":"article","og_title":"Gravity Vol.1 &ndash;","og_description":"R\u00eave \u00e9veill\u00e9 audio\/musique binaurale, adaptation de l\u2019exp\u00e9rience sensorielle \"Les siestes a\u00e9riennes\".","og_url":"https:\/\/www.cepsound.com\/art\/editions\/gravity-vol-1\/","article_publisher":"https:\/\/www.facebook.com\/Cepsound-l-Charles-Eric-PEARD-169837659739132\/","article_modified_time":"2024-10-20T10:06:30+00:00","twitter_card":"summary_large_image","twitter_misc":{"Dur\u00e9e de lecture estim\u00e9e":"1 minute"},"schema":{"@context":"https:\/\/schema.org","@graph":[{"@type":"WebPage","@id":"https:\/\/www.cepsound.com\/art\/editions\/gravity-vol-1\/","url":"https:\/\/www.cepsound.com\/art\/editions\/gravity-vol-1\/","name":"Gravity Vol.1 &ndash;","isPartOf":{"@id":"https:\/\/www.cepsound.com\/art\/#website"},"datePublished":"2021-08-13T16:23:58+00:00","dateModified":"2024-10-20T10:06:30+00:00","description":"R\u00eave \u00e9veill\u00e9 audio\/musique binaurale, adaptation de l\u2019exp\u00e9rience sensorielle \"Les siestes a\u00e9riennes\".","breadcrumb":{"@id":"https:\/\/www.cepsound.com\/art\/editions\/gravity-vol-1\/#breadcrumb"},"inLanguage":"fr-FR","potentialAction":[{"@type":"ReadAction","target":["https:\/\/www.cepsound.com\/art\/editions\/gravity-vol-1\/"]}]},{"@type":"BreadcrumbList","@id":"https:\/\/www.cepsound.com\/art\/editions\/gravity-vol-1\/#breadcrumb","itemListElement":[{"@type":"ListItem","position":1,"name":"Accueil","item":"https:\/\/www.cepsound.com\/art\/"},{"@type":"ListItem","position":2,"name":"\u00e9ditions","item":"https:\/\/www.cepsound.com\/art\/editions\/"},{"@type":"ListItem","position":3,"name":"Gravity Vol.1"}]},{"@type":"WebSite","@id":"https:\/\/www.cepsound.com\/art\/#website","url":"https:\/\/www.cepsound.com\/art\/","name":"","description":"plasticien sonore | sound performer","potentialAction":[{"@type":"SearchAction","target":{"@type":"EntryPoint","urlTemplate":"https:\/\/www.cepsound.com\/art\/?s={search_term_string}"},"query-input":"required name=search_term_string"}],"inLanguage":"fr-FR"}]}},"_links":{"self":[{"href":"https:\/\/www.cepsound.com\/art\/wp-json\/wp\/v2\/pages\/2562"}],"collection":[{"href":"https:\/\/www.cepsound.com\/art\/wp-json\/wp\/v2\/pages"}],"about":[{"href":"https:\/\/www.cepsound.com\/art\/wp-json\/wp\/v2\/types\/page"}],"author":[{"embeddable":true,"href":"https:\/\/www.cepsound.com\/art\/wp-json\/wp\/v2\/users\/1"}],"replies":[{"embeddable":true,"href":"https:\/\/www.cepsound.com\/art\/wp-json\/wp\/v2\/comments?post=2562"}],"version-history":[{"count":6,"href":"https:\/\/www.cepsound.com\/art\/wp-json\/wp\/v2\/pages\/2562\/revisions"}],"predecessor-version":[{"id":2630,"href":"https:\/\/www.cepsound.com\/art\/wp-json\/wp\/v2\/pages\/2562\/revisions\/2630"}],"up":[{"embeddable":true,"href":"https:\/\/www.cepsound.com\/art\/wp-json\/wp\/v2\/pages\/576"}],"wp:attachment":[{"href":"https:\/\/www.cepsound.com\/art\/wp-json\/wp\/v2\/media?parent=2562"}],"curies":[{"name":"wp","href":"https:\/\/api.w.org\/{rel}","templated":true}]}}